?
-2112212
What is -3e6 (base 16) in base 15?
-468
Convert -33587 (base 9) to base 13.
-a237
139 (base 16) to base 11
265
What is 3768 (base 14) in base 7?
40161
What is -1410 (base 11) in base 3?
-2111122
Convert -125350 (base 6) to base 4.
-2311002
What is 100111010 (base 2) in base 12?
222
-1011011110 (base 2) to base 11
-608
-1161 (base 10) to base 3
-1121000
What is -432 (base 14) in base 12?
-590
1043 (base 6) to base 2
11110011
Convert -38 (base 10) to base 7.
-53
Convert 66 (base 8) to base 9.
60
What is 2701 (base 12) in base 16?
1171
22503 (base 6) to base 5
100312
Convert 597 (base 15) to base 13.
766
Convert -57015 (base 8) to base 5.
-1232302
What is 7ad (base 16) in base 14?
a05
Convert -1924 (base 12) to base 13.
-150a
What is 22001 (base 3) in base 7?
430
Convert 22 (base 12) to base 7.
35
4019 (base 10) to base 3
12111212
Convert 120002 (base 4) to base 2.
11000000010
Convert -487 (base 12) to base 11.
-568
What is 4543 (base 6) in base 3?
1110200
-220021 (base 3) to base 12
-467
ad2 (base 14) to base 12
12a8
-219 (base 10) to base 15
-e9
Convert -100001010001 (base 2) to base 9.
-2825
What is -3cb (base 15) in base 10?
-866
What is 20122 (base 5) in base 10?
1287
Convert -13231 (base 6) to base 5.
-31120
Convert -3530 (base 16) to base 4.
-3110300
-20222120 (base 3) to base 5
-130331
What is 1300014 (base 5) in base 2?
110000110110001
What is -b299 (base 13) in base 6?
-310011
-8838 (base 9) to base 10
-6515
Convert -1427 (base 16) to base 7.
-21020
Convert 2541 (base 6) to base 3.
212121
What is 5207 (base 9) in base 7?
14056
What is 12303120 (base 4) in base 16?
6cd8
14a8 (base 11) to base 7
5431
-213323 (base 4) to base 13
-1217
85 (base 9) to base 16
4d
-6c9 (base 13) to base 16
-49b
Convert -5196 (base 11) to base 5.
-210011
What is -36a3 (base 12) in base 16?
-181b
Convert -1365 (base 7) to base 16.
-219
What is 1022102010 (base 3) in base 11?
18439
-362 (base 11) to base 14
-22b
-223101 (base 4) to base 15
-c49
-5274 (base 9) to base 14
-15aa
-13332 (base 6) to base 15
-932
Convert 201155 (base 6) to base 4.
3313133
-33430 (base 5) to base 4
-210331
What is 10001000100 (base 2) in base 5?
13332
-222012201 (base 3) to base 13
-890b
Convert -1bb (base 13) to base 8.
-503
What is -246 (base 9) in base 2?
-11001100
What is -1132 (base 8) in base 3?
-211022
What is 110010110 (base 2) in base 3?
120001
-419 (base 13) to base 7
-2015
What is -377 (base 16) in base 11?
-737
-3457 (base 10) to base 9
-4661
What is 101000000 (base 2) in base 10?
320
-22250 (base 6) to base 9
-4253
-100111111100 (base 2) to base 9
-3450
What is -1157 (base 13) in base 14?
-c62
Convert -4014314 (base 5) to base 4.
-33203131
What is 152 (base 16) in base 10?
338
Convert 2432 (base 11) to base 16.
c6d
Convert -d525 (base 15) to base 13.
-17663
155c (base 16) to base 5
133333
2437 (base 11) to base 7
12201
What is 111101 (base 6) in base 2?
10010001101101
Convert 400 (base 5) to base 6.
244
What is 113202 (base 4) in base 2?
10111100010
What is 18501 (base 11) in base 5?
1312040
12b7 (base 14) to base 6
23133
What is -2110 (base 4) in base 11?
-125
Convert -202 (base 10) to base 9.
-244
What is 20111 (base 5) in base 15?
5a6
10210 (base 4) to base 8
444
Convert 5615 (base 7) to base 6.
13205
-5613 (base 8) to base 13
-1464
Convert 51304 (base 6) to base 10.
6808
20120022 (base 3) to base 4
1022303
Convert -10100011111001 (base 2) to base 4.
-2203321
Convert 3d (base 15) to base 3.
2011
What is -5ea (base 15) in base 9?
-1754
Convert 0 (base 6) to base 12.
0
What is 667 (base 14) in base 12?
897
25585 (base 9) to base 4
10031201
Convert 10110 (base 2) to base 9.
24
Convert 20112 (base 4) to base 11.
446
What is 44230 (base 6) in base 15?
1c43
What is 101011100110100 (base 2) in base 7?
122041
-10202100 (base 3) to base 9
-3670
What is 3172 (base 9) in base 8?
4435
-2023 (base 4) to base 13
-a9
1559 (base 10) to base 2
11000010111
What is -60 (base 12) in base 14?
-52
-55501 (base 7) to base 2
-11011010001110
What is -23143 (base 7) in base 14?
-2223
Convert 2526 (base 11) to base 8.
6337
1006 (base 8) to base 3
201012
-484 (base 14) to base 5
-12100
-46 (base 11) to base 14
-38
What is -900 (base 16) in base 14?
-ba8
-2352 (base 14) to base 5
-144043
Convert 15236 (base 8) to base 3.
100100101
What is 21201210 (base 3) in base 14?
20a9
What is -3123021 (base 5) in base 13?
-1a670
200022 (base 3) to base 9
608
-378 (base 10) to base 8
-572
218 (base 16) to base 4
20120
Convert 7281 (base 11) to base 10.
9648
33023 (base 5) to base 14
b79
Convert -13404 (base 5) to base 13.
-66c
-1110001100100101 (base 2) to base 13
-20610
What is 950 (base 13) in base 10?
1586
437 (base 10) to base 13
278
Convert 2823 (base 10) to base 8.
5407
161 (base 13) to base 11
206
Convert -19259 (base 10) to base 16.
-4b3b
301133 (base 4) to base 11
241a
-111112 (base 3) to base 15
-195
157 (base 8) to base 13
87
-1453 (base 13) to base 14
-1101
What is 5b5 (base 13) in base 10?
993
-220122 (base 3) to base 7
-1640
293 (base 12) to base 16
18f
ac3d (base 16) to base 12
21625
-165 (base 7) to base 6
-240
221445 (base 6) to base 9
27372
Convert -eb2 (base 15) to base 7.
-12446
18959 (base 10) to base 12
ab7b
Convert 14555 (base 7) to base 14.
169c
-1045 (base 12) to base 11
-137a
Convert -121200 (base 3) to base 5.
-3300
-43234 (base 5) to base 3
-11001001
Convert -10250 (base 6) to base 14.
-71c
Convert 10621 (base 8) to base 12.
2729
Convert -487 (base 10) to base 6.
-2131
What is -10010303 (base 4) in base 11?
-115a4
22504 (base 6) to base 9
4354
What is -b0 (base 16) in base 13?
-107
-102 (base 12) to base 9
-172
What is -255510 (base 7) in base 13?
-18876
What is -12112 (base 4) in base 10?
-406
7226 (base 8) to base 9
5108
Convert 1922 (base 15) to base 5.
133212
What is 12112 (base 3) in base 13?
b6
What is 1312234 (base 5) in base 8?
62530
What is -985 (base 15) in base 9?
-2848
-20100 (base 3) to base 8
-253
Convert -715 (base 11) to base 15.
-3c8
Convert -112042 (base 6) to base 12.
-5622
-1110220101 (base 3) to base 16
-71a1
What is -100122 (base 4) in base 8?
-2032
-11266 (base 7) to base 10
-2890
Convert 16e5 (base 15) to base 6.
34512
Convert 1021110 (base 3) to base 16.
3a2
-101100110001101 (base 2) to base 14
-84d7
5694 (base 11) to base 14
2a28
Convert -12122102 (base 3) to base 8.
-10023
Convert -85a (base 11) to base 14.
-53b
What is 50527 (base 9) in base 15?
9caa
What is 457 (base 16) in base 14?
595
What is -2048 (base 9) in base 7?
-4244
-225622 (base 7) to base 15
-beb1
What is 300300 (base 5) in base 11?
7111
-4052 (base 6) to base 2
-1110000000
What is -15653 (base 14) in base 8?
-150211
Convert 117a (base 14) to base 15.
d83
-1849 (base 10) to base 5
-24344
What is 2470 (base 15) in base 2?
1111001001011
Convert -2122021 (base 3) to base 13.
-b50
What is 28b4 (base 15) in base 13?
3c79
963 (base 10) to base 15
443
4334 (base 5) to base 16
252
Convert -11010201 (base 3) to base 16.
-bc8
What is -1340 (base 6) in base 2?
-101011100
-a822 (base 14) to base 10
-29038
What is -2110 (base 7) in base 2?
-1011100110
What is -12200 (base 3) in base 11?
-12a
What is -406 (base 11) in base 10?
-490
Convert -2122210 (base 4) to base 5.
-304032
Convert -15222 (base 6) to base 7.
-10115
2125 (base 15) to base 4
1231202
-4cd (base 15) to base 14
-581
Convert -1100111001000 (base 2) to base 12.
-39a0
What is -21725 (base 9) in base 16?
-3869
What is -10003 (base 6) in base 4?
-110103
54938 (base 11) to base 16
1372b
What is 1000001110 (base 2) in base 7?
1351
-20210201 (base 3) to base 15
-170a
What is 102020 (base 4) in base 5?
14120
-32411 (base 5) to base 11
-1749
-240 (base 16) to base 2
-1001000000
Convert -101100000011 (base 2) to base 10.
-2819
Convert 1511 (base 7) to base 6.
2432
103f (base 16) to base 3
12201001
What is 1628 (base 11) in base 16?
827
What is 1020103 (base 4) in base 7?
16330
1001010001001101 (base 2) to base 10
37965
-180 (base 14) to base 13
-1a9
What is 331411 (base 5) in base 8?
26331
What is -14ab (base 16) in base 13?
-2540
Convert -2310 (base 5) to base 4.
-11022
947 (base 14) to base 11
1411
Convert -1607 (base 9) to base 4.
-103012
4851 (base 9) to base 6
24414
Convert 1110001100101 (base 2) to base 8.
16145
Convert -201101 (base